Determine s(-8).
137
Let i(z) = -4*z + 35. Calculate i(0).
35
Let s(j) = 5*j - 25. What is s(5)?
0
Let z(d) = d**3 + 4*d**2 + 4*d + 4. Determine z(-4).
-12
Let f(r) = -2*r - 27. Give f(-13).
-1
Let r(g) = -g**2 + 17*g - 74. What is r(8)?
-2
Let s(p) = p**3 - 4*p**2 - 14*p + 10. Determine s(6).
-2
Let u(s) = 5*s + 38. Give u(-9).
-7
Let v(x) = -2*x - 2. Calculate v(5).
-12
Let w(y) = -4*y**3 - 45*y**2 - 11*y - 12. Calculate w(-11).
-12
Let x(d) = d**2 + 15*d + 10. Determine x(-13).
-16
Let n(u) = u**3 + 10*u**2 - 15*u + 2. Determine n(-11).
46
Let c(d) = d**2 + d - 6. What is c(3)?
6
Let f(y) = -y**3 - y**2 + 3*y - 7. Determine f(-3).
2
Let x(w) = 2*w + 23. Give x(-14).
-5
Let a(f) = f**2 - 6*f + 16. Determine a(10).
56
Let u(t) = t**3 - 20*t**2 + 33*t + 63. Calculate u(18).
9
Let g(p) = 6*p - 11. Calculate g(-9).
-65
Let d(j) = -4*j - 14. What is d(-3)?
-2
Let s(q) = 43*q - 126. Calculate s(3).
3
Let n(t) = -4*t + 13. Give n(-14).
69
Let w(p) = 29*p**3 + p**2 - 2*p - 2. Determine w(-1).
-28
Let t(q) = -4*q - 36. Determine t(-22).
52
Let a(h) = 5*h**2 + 8*h - 12. What is a(5)?
153
Let u(a) = 6*a**2 + 16*a + 28. Determine u(-3).
34
Let i(d) = d**3 - 9*d**2 + 15*d - 21. Give i(7).
-14
Let t(w) = -w**2 - 46*w - 214. Determine t(-41).
-9
Let f(r) = -3*r - 13. What is f(-4)?
-1
Let t(v) = -v**3 + 9*v**2 - 6*v - 8. Give t(9).
-62
Let t(h) = -h**2 - 42*h + 588. What is t(-53)?
5
Let n(c) = 6*c + 5. What is n(-1)?
-1
Let b(q) = 2*q**3 - 15*q**2 - 12*q + 9. Determine b(8).
-23
Let x(p) = p**3 + 6*p**2 - 12*p - 2. Determine x(-7).
33
Let k(a) = -a**3 + 6*a**2 + 15*a + 18. Give k(8).
10
Let s(x) = -x**3 - 9*x**2 - 12*x - 22. Give s(-8).
10
Let r(b) = b**2 - 3*b - 41. What is r(8)?
-1
Let i(m) = 16*m**3 + 27*m**2 + 27*m + 1. Determine i(-1).
-15
Let j(l) = -10*l**2 + l - 2. Determine j(1).
-11
Let x(j) = j**3 - 10*j**2 + 17*j - 7. What is x(8)?
1
Let o(r) = -2*r**2 + 11*r - 21. Give o(3).
-6
Let a(u) = 51*u + 46. Determine a(-1).
-5
Let r(b) = -b**3 + 10*b**2 - 17*b + 4. Give r(9).
-68
Let r(c) = 10*c - 9. Determine r(-8).
-89
Let g(d) = -14*d - 255. Determine g(-19).
11
Let o(t) = -4*t - 5. What is o(3)?
-17
Let r(k) = 2*k**3 + 2*k**2 + 2*k + 7. What is r(-4)?
-97
Let r(x) = -x**2 - 23*x - 87. Give r(-5).
3
Let n(h) = -h**2 + 5*h + 21. Give n(8).
-3
Let u(r) = -r**3 - 8*r**2 + 5*r - 38. Give u(-9).
-2
Let h(x) = -7*x + 6. Determine h(-8).
62
Let f(m) = 2*m**2 - 15*m. Determine f(4).
-28
Let g(d) = d**3 + 6*d**2 + 8. Give g(-6).
8
Let a(r) = -r**2 + 9*r + 6. Calculate a(-6).
-84
Let v(l) = l**3 - 7*l**2 + 34. Determine v(8).
98
Let c(k) = -k**3 + 7*k**2 - 5*k + 1. What is c(7)?
-34
Let a(u) = -u**2 - 14*u + 8. Determine a(-13).
21
Let m(l) = -l**3 + 5*l**2 - 3*l - 3. Determine m(4).
1
Let f(k) = -11*k**2 - 3*k - 4. Give f(-3).
-94
Let f(u) = -u**2 - 6*u - 4. Determine f(-4).
4
Let l(r) = -r**2 + 4*r - 9. Calculate l(5).
-14
Let u(r) = -4*r**2 - 3*r + 12. Give u(2).
-10
Let a(i) = -i**2 - 8*i - 5. Calculate a(-4).
11
Let h(x) = -20*x**3 + 3*x**2 + 4*x + 2. Calculate h(-1).
21
Let q(b) = -2*b - 9. Determine q(-3).
-3
Let v(s) = -4*s + 13. Determine v(-10).
53
Let j(x) = 2*x**3 - 8*x**2 + 5*x - 1. Calculate j(5).
74
Let s(o) = -o**3 + 10*o**2 - 11*o + 15. What is s(9)?
-3
Let h(o) = -o**2 + 46. Determine h(-11).
-75
Let d(l) = -41*l + 117. Calculate d(3).
-6
Let f(n) = 27*n**3 - 1. Give f(1).
26
Let l(z) = 3*z**3 - 3*z**2 - z + 2. What is l(2)?
12
Let j(v) = -v**2 + v + 5. What is j(-3)?
-7
Let l(s) = -s**3 - 3*s**2 + 6*s - 12. What is l(-5)?
8
Let j(t) = 2*t**2 + 16*t + 3. What is j(-10)?
43
Let g(i) = -7*i**2. Give g(2).
-28
Let f(s) = -2*s**2 - 32*s + 195. Calculate f(-21).
-15
Let l(w) = 2*w**3 - 8*w**2 - 5*w + 1. What is l(3)?
-32
Let t(c) = -4*c**2 + 2*c - 1. Calculate t(1).
-3
Let v(k) = -k**2 - 5*k + 3. Calculate v(-4).
7
Let p(j) = j**2 - 12*j - 7. Give p(16).
57
Let t(c) = -c**2 - 3*c. Determine t(-3).
0
Let m(l) = -10*l**2 + 2*l + 5. What is m(2)?
-31
Let n(g) = g**3 - 10*g**2 + 13*g + 1. Give n(7).
-55
Let b(t) = -t - 3. Determine b(7).
-10
Let j(b) = -11*b - 47. Give j(-3).
-14
Let v(z) = -14*z + 56. What is v(-6)?
140
Let h(s) = s**2 - 20*s - 14. What is h(20)?
-14
Let r(o) = o**3 - 19*o**2 - 18. What is r(19)?
-18
Let s(u) = u**2 - 3*u - 6. Give s(3).
-6
Let z(m) = -2*m**3 + 23*m**2 + 23*m - 129. Calculate z(12).
3
Let m(d) = 2*d**3 - 46*d**2 + 17. Determine m(23).
17
Let w(c) = -c**3 - 3*c**2 - c. Determine w(-4).
20
Let n(h) = -10*h + 5. Give n(-2).
25
Let j(s) = -5*s - 10. Determine j(-8).
30
Let g(q) = -5*q - 15. Give g(4).
-35
Let m(b) = b**2 + 11*b + 26. Calculate m(-8).
2
Let h(z) = -2*z**2 - 7*z. Calculate h(-4).
-4
Let z(x) = 27*x**2. Calculate z(1).
27
Let o(t) = -t**3 - 10*t**2 - 15*t - 46. Determine o(-9).
8
Let c(a) = -2*a**3 - 29*a**2 + 20*a + 3. Calculate c(-15).
-72
Let n(b) = 3*b**2 + 10*b + 11. Determine n(-5).
36
Let w(y) = -2*y**3 - 19*y**2 + 9*y - 8. Calculate w(-10).
2
Let x(p) = -18*p + 4. Calculate x(4).
-68
Let o(a) = a + 7. What is o(12)?
19
Let i(b) = -3*b**2 - 2*b - 12. What is i(4)?
-68
Let q(d) = d**3 + 7*d**2 + 9*d - 5. Determine q(-6).
-23
Let y(b) = -4*b**2 + b - 2. Determine y(2).
-16
Let s(r) = 3*r**3 + 17*r**2 + 11*r. Calculate s(-5).
-5
Let x(b) = b - 3. What is x(13)?
10
Let k(g) = g**2 - 6. Determine k(0).
-6
Let a(q) = q**2 + 6*q - 10. Determine a(-5).
-15
Let n(d) = -d**2 + 15*d - 40. Determine n(5).
10
Let n(x) = -x**2 - 42. Give n(0).
-42
Let n(i) = 15*i - 49. Determine n(3).
-4
Let i(y) = 6*y - 12. Give i(3).
6
Let c(h) = -3*h - 17. What is c(-7)?
4
Let p(v) = 13*v**3 - 3*v**2 + 2*v + 2. What is p(-2)?
-118
Let c(j) = -j**3 + 12*j**2 - 10*j - 8. What is c(10)?
92
Let d(l) = l**2 + 3*l + 8. What is d(-4)?
12
Let f(v) = -11*v**2 - v + 2. What is f(2)?
-44
Let z(t) = -4*t + 3. Give z(-4).
19
Let k(v) = 3*v**2 + v. Determine k(1).
4
Let m(s) = s**2 - 6*s + 7. Determine m(6).
7
Let z(q) = -q**2 - 12*q - 2. What is z(-11)?
9
Let y(l) = l**2 + 22*l + 31. Give y(-20).
-9
Let g(s) = -s**3 + 9*s**2 + 20*s - 12. What is g(10)?
88
Let t(p) = p**3 - 33*p**2 - 42*p + 221. Calculate t(34).
-51
Let j(u) = -2*u - 19. What is j(-7)?
-5
Let s(d) = d**3 - 19*d**2 + 18*d. Calculate s(18).
0
Let c(q) = -q**3 - 14*q**2 + 16*q + 2. Determine c(-15).
-13
Let c(d) = -d**3 - 8*d**2 + 10*d + 2. Determine c(-9).
-7
Let z(s) = 2*s**2 - 5*s - 14. Determine z(7).
49
Let l(z) = -z**2 - 5*z - 5. Determine l(-4).
-1
Let y(v) = 12*v - 187. What is y(15)?
-7
Let r(q) = -q**3 - 7*q**2 - 3*q - 4. What is r(-4)?
-40
Let y(l) = l**3 - 25*l**2 - 21*l - 132. Calculate y(26).
-2
Let t(b) = b**3 - 8*b**2 + 4*b + 17. Give t(7).
-4
Let u(y) = -y**2 + 10*y. Give u(5).
25
Let r(j) = j**3 + 14*j**2 + 13*j + 12. Determine r(-13).
12
Let u(a) = 3*a**3 + 29*a**2 + 5*a - 125. What is u(-9)?
-8
Let x(b) = -b**3 - 3*b**2 - 2*b. Give x(-5).
60
Let d(j) = j**3 + 22*j**2 + 17*j - 100. Calculate d(-21).
-16
Let x(n) = n**3 - 2*n**2 + 4*n. Give x(2).
8
Let z(t) = -11*t**2 + 6. Determine z(-2).
-38
Let c(o) = 3*o - 69. Give c(26).
9
Let h(m) = -m**2 - 5*m - 2. Calculate h(-3).
4
Let f(k) = -k**2 + k + 9. What is f(4)?
-3
Let w(g) = 6*g - 127. Determine w(24).
17
Let b(i) = 2*i**2 - 2*i + 2. Determine b(3).
14
Let c(y) = -y + 15. What is c(6)?
9
Let i(d) = -d**3 - 5*d**2 - 14*d - 10. What is i(-5)?
60
Let t(v) = -12*v + 3. Calculate t(1).
-9
Let a(z) = -2*z + 4. Give a(-8).
20
Let k(b) = -b**2 - b - 7. Give k(5).
-37
Let r(o) = o**2 + 16*o + 54. What is r(-4)?
6
Let k(w) = -3*w**2 + 41*w + 3. Give k(14).
-11
Let b(y) = -2*y - 45. Give b(-22).
-1
Let v(y) = y**2 + 13*y + 18. Determine v(-8).
-22
Let x(q) = -8*q**2 + 3*q - 2. Give x(-3).
-83
Let d(q) = 14*q**2 + 2*q - 2. Calculate d(1).
14
Let l(g) = -g**3 + 12*g**2 + 7*g - 57. What is l(12)?
27
Let i(f) = 11*f + 1. What is i(1)?
12
Let x(m) = m**3 - 5*m**2 + m + 1. Determine x(5).
6
Let z(m) = -m**2 + 18*m + 19. Calculate z(13).
84
Let h(m) = -3*m**2 - 67*m + 5. Give h(-21).
89
Let b(o) = o**2 + 8*o + 27. What is b(-4)?
11
Let o(s) = -3*s - 32. Calculate o(-10).
-2
Let p(d) = d**2 - 2*d - 3. Give p(-3).
12
Let o(u) = 4*u + 9. Give o(2).
17
Let a(u) = -u**2 - 17*u - 30. Determine a(-12).
30
Let p(u) = u**2 - 16*u + 8. What is p(5)?
-47
Let t(v) = -v**3 - 19*v**2 - 20*v - 36. What is t(-18)?
0
Let o(g) = 3*g**3